Is 122126128 a multiple of 126?
False
Is 665 a factor of 14974273?
False
Is 34 a factor of 10306454?
True
Is 3237347043 a multiple of 49?
True
Is 11175891 a multiple of 166?
False
Does 13 divide 4935168?
False
Is 94378047 a multiple of 86?
False
Does 14 divide 91871948?
True
Is 42603813 a multiple of 871?
False
Is 278 a factor of 117159208?
True
Is 88 a factor of 776848688?
True
Is 1166056316 a multiple of 12073?
False
Is 1168 a factor of 306271011?
False
Is 4 a factor of 403923930?
False
Is 17 a factor of 111653392?
False
Is 13 a factor of 113919954?
False
Is 157 a factor of 152664602?
True
Is 333819970 a multiple of 306?
False
Is 3556 a factor of 804508480?
False
Does 2038 divide 324294712?
True
Does 46 divide 75485?
False
Is 309 a factor of 27930819?
True
Is 2670 a factor of 51621780?
True
Is 300958208 a multiple of 1948?
True
Is 439875 a multiple of 23?
True
Is 843 a factor of 116684352?
False
Is 309358192 a multiple of 16?
True
Is 414713728 a multiple of 20?
False
Is 19 a factor of 586092740?
False
Is 7 a factor of 7395150?
True
Is 147 a factor of 244310961?
False
Is 40 a factor of 951674781?
False
Is 209779350 a multiple of 33?
True
Does 150 divide 30381300?
True
Is 315726854 a multiple of 106?
False
Does 130 divide 345735260?
True
Is 658 a factor of 10485331?
False
Does 30 divide 125594850?
True
Is 441667666 a multiple of 2?
True
Is 118 a factor of 370805324?
True
Does 4539 divide 1152488412?
True
Does 32 divide 29217586?
False
Is 76183511 a multiple of 493?
False
Is 295 a factor of 114691280?
True
Is 200 a factor of 16390726?
False
Does 8 divide 30833350?
False
Does 5333 divide 1028522380?
True
Does 990 divide 4684130082?
False
Does 4485 divide 1952445741?
False
Does 4407 divide 6188368900?
False
Is 1898 a factor of 1086500006?
False
Is 100265889 a multiple of 44?
False
Is 25 a factor of 3169465725?
True
Is 1267381556 a multiple of 961?
False
Does 35 divide 47141916?
False
Does 18 divide 96624500?
False
Does 63 divide 13917960?
True
Is 1531 a factor of 434597299?
False
Is 26904798 a multiple of 513?
True
Is 12 a factor of 312961081?
False
Does 999 divide 108338553?
True
Does 129 divide 305989935?
True
Does 1052 divide 8582216?
True
Is 59863671 a multiple of 9?
True
Does 3367 divide 483568540?
True
Is 93 a factor of 82533408?
True
Is 1201576129 a multiple of 4870?
False
Is 14 a factor of 50663650?
False
Is 39463879 a multiple of 105?
False
Does 46 divide 47779024?
False
Is 2277959552 a multiple of 680?
False
Does 151 divide 9033877?
True
Does 1615 divide 19706584?
False
Does 2 divide 5158304?
True
Is 42707807 a multiple of 233?
False
Does 114 divide 48505897?
False
Does 311 divide 10838039?
True
Is 1208003493 a multiple of 9?
False
Is 142 a factor of 3564478394?
False
Does 9 divide 59932314?
True
Is 42 a factor of 64352274?
True
Is 33 a factor of 111181389?
True
Is 37742142 a multiple of 1021?
False
Is 63525927 a multiple of 18?
False
Does 26 divide 19749496?
True
Does 23 divide 26851833?
True
Is 1422918 a multiple of 18?
True
Does 74 divide 199444800?
True
Is 470 a factor of 401394308?
False
Is 4 a factor of 282380564?
True
Is 1380169405 a multiple of 20?
False
Does 17 divide 81054664?
False
Is 31 a factor of 151296182?
True
Is 31258140 a multiple of 425?
False
Does 12 divide 1256983404?
True
Does 654 divide 46896833?
False
Is 560796286 a multiple of 1814?
True
Is 1084 a factor of 61088496?
False
Does 22 divide 4541019?
False
Does 18 divide 761791132?
False
Is 38 a factor of 105952360?
True
Is 3447 a factor of 184745412?
True
Is 2032460 a multiple of 18?
False
Does 2 divide 15107919?
False
Does 18 divide 4745243214?
True
Is 445902745 a multiple of 811?
False
Is 311035502 a multiple of 2283?
False
Is 172477024 a multiple of 16?
True
Is 225279256 a multiple of 4?
True
Is 23 a factor of 30985658?
False
Is 192 a factor of 517726780?
False
Is 124 a factor of 6058495?
False
Does 18 divide 22052250?
True
Is 317877504 a multiple of 4868?
False
Is 9 a factor of 127640214?
True
Is 33 a factor of 27746994?
True
Does 13 divide 307401965?
True
Does 13 divide 81097887?
True
Does 2251 divide 1068675868?
False
Is 664 a factor of 85082304?
True
Does 9 divide 889561585?
False
Does 2937 divide 1457032297?
False
Does 7 divide 15388128?
True
Is 98 a factor of 58114784?
True
Does 2762 divide 258983849?
False
Is 9 a factor of 390138?
False
Is 274 a factor of 40551178?
True
Is 5418117 a multiple of 13?
False
Does 314 divide 67747053?
False
Is 33061970 a multiple of 9?
False
Is 579 a factor of 1497328161?
True
Is 152 a factor of 32648219?
False
Is 634342636 a multiple of 7?
False
Is 443 a factor of 75786225?
True
Is 17777760 a multiple of 481?
True
Is 31 a factor of 27580793?
True
Is 379 a factor of 78287756?
True
Does 51 divide 41180619?
False
Is 22 a factor of 897842?
True
Does 425 divide 28566800?
True
Is 13890862 a multiple of 81?
False
Does 52 divide 3304125448?
True
Is 833268106 a multiple of 207?
False
Is 9 a factor of 1932566?
False
Does 462 divide 2537376534?
True
Does 246 divide 363725053?
False
Is 264 a factor of 52596192?
True
Does 2711 divide 204702188?
True
Is 1231684303 a multiple of 47?
True
Does 55 divide 731445?
True
Is 100 a factor of 1520387424?
False
Is 107164397 a multiple of 6?
False
Does 195 divide 59520825?
True
Is 40 a factor of 197525921?
False
Does 2 divide 2037555?
False
Does 2 divide 5791112?
True
Is 13 a factor of 2394263670?
False
Does 156 divide 18926388?
True
Does 15 divide 177810015?
True
Is 1568599164 a multiple of 444?
True
Is 66419460 a multiple of 30?
True
Does 33 divide 591523627?
False
Does 23 divide 12421196?
True
Does 12 divide 2620920996?
True
Does 2466 divide 2122539799?
False
Does 6 divide 261138996?
True
Does 542 divide 104068336?
True
Is 8 a factor of 286331383?
False
Is 550239120 a multiple of 16?
True
Does 319 divide 37153085?
False
Is 488 a factor of 175814688?
True
Is 92 a factor of 416985927?
False
Does 44 divide 36743129?
False
Is 1042658402 a multiple of 713?
True
Does 267 divide 13442049?
False
Is 97 a factor of 9199627?
False
Is 8560980 a multiple of 52?
False
Is 76601851 a multiple of 75?
False
Is 32 a factor of 87480395?
False
Is 24408640 a multiple of 1328?
True
Is 341744192 a multiple of 4962?
False
Does 90 divide 40331160?
True
Is 1415 a factor of 13186385?
True
Is 571063458 a multiple of 69?
True
Is 153402134 a multiple of 19?
False
Is 2648 a factor of 99581578?
False
Is 11576 a factor of 2016274812?
False
Is 14783757 a multiple of 1106?
False
Does 135 divide 200888910?
True
Is 21 a factor of 116731595?
False
Is 86689084 even?
True
Is 150260309 a multiple of 1454?
False
Is 815 a factor of 25410070?
True
Does 72 divide 97571861?
False
Does 279 divide 170398149?
False
Is 832 a factor of 4506089087?
False
Is 842 a factor of 63672544?
False
Is 11 a factor of 33355872?
True
Does 9483 divide 4143653748?
True
Is 53 a factor of 1537116694?
False
Does 625 divide 45955694?
False
Does 439 divide 1505705028?
True
Is 144 a factor of 1010512667?
False
Is 41410824 a multiple of 10?
False
Does 151 divide 34390757?
False
Is 43 a factor of 21977429?
True
Is 25349045 a multiple of 77?
False
Is 1307 a factor of 52771074?
False
Does 22 divide 87709281?
False
Does 1360 divide 9197680?
True
Is 2201 a factor of 59503163?
False
Is 11 a factor of 11408837?
True
Is 383 a factor of 195446276?
False
Does 15 divide 103470780?
True
Is 295201799 a multiple of 3?
False
Is 3 a factor of 231665?
False
Is 2177578779 a multiple of 4922?
False
Is 52359810 a multiple of 111?
True
Is 48 a factor of 10034736?
True
Is 83716844 a multiple of 74?
False
Is 42 a factor of 47975670?
False
Is 61 a factor of 87967856?
True
Is 184 a factor of 41640489?
False
Is 369 a factor of 883777509?
True
Is 182853520 a multiple of 8?
True
Is 400202674 a multiple of 202?
False
Is 826 a factor of 249527166?
True
Is 78 a factor of 1410801?
False
Does 6 divide 819635189?
False
Is 77788666 a multiple of 50?
False
Does 23 divide 94332500?
False
Does 370 divide 85842220?
True
Is 12949134 a multiple of 7?
False
Is 26 a factor of 24535750?
False
Is 520897030 a multiple of 62?
True
Is 115 a factor of 966501886?
False
Does 2 divide 5876041?
False
Is 426214572 a multiple of 28?
True
Does 17 divide 1176178881?
True
Is 3110 a factor of 148098200?
True
Does 22 divide 1